 -u - u = 168. Let z = u + d. What is the tens digit of z?
5
Let i(b) = 2*b**2 + 4*b + 1. Let r = -10 - -7. Let w be i(r). Suppose 2*m = w*m - 150. What is the units digit of m?
0
Let t = 1922 - 1152. What is the hundreds digit of t?
7
Suppose 4*w - 376 = -4*j, -2*w - 331 = -4*j + 3*w. What is the units digit of j?
9
Suppose 5*f = 3058 + 1712. What is the tens digit of f?
5
Let m = -5461 + 9620. What is the thousands digit of m?
4
Let k(q) = -q - 17. Suppose 3*x = 5*v + 2*x + 61, 0 = 5*v + x + 69. Let f be k(v). What is the tens digit of 4/f*-22*1?
2
Suppose 2*c = 0, 4*u + 0*u = -c + 8. Suppose u*x - 1184 = -2*x. What is the units digit of x?
6
Let z(k) = k + 19. Let w be z(-14). Suppose 9 = -2*x + w*x. Suppose 2*y = -0*i + x*i - 66, -3*y - 44 = -2*i. What is the tens digit of i?
2
Suppose -29*y - 69 = -26*y. Let j = 26 - y. What is the units digit of j?
9
Let s = -53 + 53. Suppose -55 = -d - s*d. What is the units digit of d?
5
Let h(u) = -u**3 + u**2 - 5*u + 28. What is the hundreds digit of h(-8)?
6
Let a = -70 + 109. Let f be (-4)/(-6) - a/(-9). Let l(h) = h**2 - 3*h + 1. What is the units digit of l(f)?
1
Let r be ((-3)/(-4))/(4/16). Suppose r*p - 2*p - 3 = 0. Suppose -23 = -u - 3*g, p*u = 3*g + 11 + 34. What is the units digit of u?
7
Let c(p) = -p**3 - 10*p**2 - p - 11. Let b be c(-11). Let d = -47 - -1. Let s = d + b. What is the units digit of s?
5
Let c(r) = r**2 + 24*r + 3162. What is the thousands digit of c(0)?
3
What is the units digit of (-14152)/(-32) - ((-1)/(-4) - 1)?
3
Let i(o) be the first derivative of 7*o**6/360 + o**5/60 + o**4/24 + o**3/3 + 7. Let n(w) be the third derivative of i(w). What is the units digit of n(-2)?
5
Let z be (-41430)/35 + (-8)/28. What is the tens digit of (-2 + 0)/(2*8/z)?
4
Let t = -6349 + 8978. What is the thousands digit of t?
2
Let i(f) = 2*f**2 - 2*f + 181. What is the hundreds digit of i(29)?
8
Let z = -1481 - -2486. Suppose z = 3*x + 225. What is the hundreds digit of x?
2
Suppose -3*n + 7 = 2*s, 3*n = 6*n + 3. Suppose 4*p - 8 = -4*i, 5*p - s*i - 14 = 4*p. Suppose -p*r = -227 + 59. What is the units digit of r?
2
Let k = -88 - -208. What is the tens digit of k?
2
What is the units digit of (6 - 74/3)/(-2)*204?
4
Let x(u) = -20*u - 20 - 18*u + 63*u - 19*u. What is the units digit of x(8)?
8
Let a(j) = -3*j - 4. Let t be a(-6). What is the units digit of (t - 4)*(-2)/(-4)?
5
Let t be (2 - (-4)/(-6))*-3. Let p(n) = 2*n**2 - 9*n + 20. Let z be p(6). Let m = z + t. What is the tens digit of m?
3
What is the tens digit of 459 - (-2 + 4 + 5)?
5
Suppose -3*r - 27 + 0 = 0. Let k be (2/(-1))/(6/r). What is the tens digit of (2 - (k + -1)) + 11?
1
Suppose 7*o - 3*o + 336 = 0. Let c = 15 - o. What is the units digit of c?
9
Suppose 3*s - 5*g = -377, 0 = 4*s - g - 0*g + 531. Let b = s + 190. Suppose -b = -5*v + 3*v + 4*h, 3*v - 3*h = 90. What is the tens digit of v?
3
Let u be (-2)/5 + (-189)/15. Let y be ((-4)/(-6))/(u/(-39)). What is the units digit of (148/8 + -3)*y?
1
What is the tens digit of -2 + 1134/8 + (-57)/76?
3
Let y(m) = m**3 + 6*m**2 - 3*m - 4. Let n be y(-6). Suppose -5*w = -n - 11. Suppose -3*g - 4*q + w*q + 106 = 0, -g + 4*q + 17 = 0. What is the units digit of g?
7
Let z = 61 + -56. Suppose 0*t - 4*w + 484 = z*t, -396 = -4*t - w. What is the units digit of t?
0
Let r(k) = 4*k**3 - 89*k**2 + 22*k + 29. What is the units digit of r(22)?
9
Let l(o) = -o**3 + 17*o**2 + 21*o + 4. Let g(k) = k + 11. Let s be g(7). What is the tens digit of l(s)?
5
Suppose 2*b + 5*s - 1063 = 0, -6*b + 5*b + 533 = 3*s. What is the hundreds digit of b?
5
Suppose 10*y = 11*y - 3. Suppose 0 = 5*n + x - 9, -n + y*n - 3*x - 7 = 0. Suppose b = 3*h - 30, -3*b = n*h - 0*b - 9. What is the units digit of h?
9
Suppose 3 = -3*l, -4*z + 3*z = 3*l - 9. Let y(q) be the second derivative of q**3/6 - q**2/2 + q. What is the tens digit of y(z)?
1
Suppose -1147 = -3*a - 4*r + 151, 1286 = 3*a - 2*r. What is the tens digit of a?
3
Let m be (18/5)/(6/45). Suppose 0 = -0*q + 3*q + m. Let g = q + 14. What is the units digit of g?
5
Let u = -25 + 24. Let y = u - -9. Suppose y*s + 52 = 9*s. What is the tens digit of s?
5
Let o(q) = -4*q - 3. Let u be o(2). Let y(n) = 5*n**2 - 19*n - 8. Let c(d) = -d**2 + d. Let g(t) = 6*c(t) + y(t). What is the tens digit of g(u)?
1
Let f be (-221)/(-51) + 1 + (-4)/3. Suppose -f*i = 17 - 157. What is the units digit of i?
5
Let r(g) = -434*g + 3. What is the thousands digit of r(-4)?
1
Let v be 2 + -3 - 56 - (-10 - -7). Let l = 79 + 10. Let n = v + l. What is the tens digit of n?
3
Let t be 14 - 18 - (-5 + 1). Suppose -2*p - 54 = -4*i + 254, -5*i - 2*p + 367 = t. What is the units digit of i?
5
What is the hundreds digit of (-39676)/(-18) + -5*(-34)/(-765)?
2
Let d(z) = 5*z + 10. Let k be d(-3). Let m(x) = -x**3 + 3*x**2 + 9. What is the units digit of m(k)?
9
Let v(d) = d**3 - 46*d**2 + 14*d - 64. What is the hundreds digit of v(47)?
8
Let c be 16/3 + 10/(-30). Suppose 0 = -b - h + 113, -3*b = -c*h - 254 - 45. What is the tens digit of b?
0
Suppose -5*w = -4*x - w + 12, 2*x - 6 = 4*w. Suppose -x*n + 123 + 63 = 0. What is the units digit of n?
2
Suppose 2*p = -0*p - 184. Let c = 99 - p. What is the tens digit of c?
9
Let v(d) = -11*d**3 + 4*d**2 + 3*d + 3. What is the units digit of v(-3)?
7
Let b(u) = -6*u - 30. Let k be b(-5). Suppose k = 9*z + z - 120. What is the tens digit of z?
1
Suppose 0 = q, -3*k + 3388 + 3971 = -4*q. What is the tens digit of k?
5
Let o(x) = 774*x**2 - 2*x - 7. What is the units digit of o(2)?
5
Let w(k) = -6*k + 3 + 4*k - k**2 + 10*k + 0. What is the tens digit of w(7)?
1
Suppose -3*n - 24 = 5*x, 3*x + 5*n = x - 21. Let p = x + 9. Suppose 0 = -p*k + 3*k + 42. What is the units digit of k?
4
Suppose -4*m + 2*p + 15 = 3*p, 5*m - 21 = -2*p. Suppose 0 = -2*i - n + 1, -m*i + 2*n - 3*n = -4. Suppose -127 = -i*o - 4. What is the units digit of o?
1
Let x = -497 - -300. Let y = x + 335. What is the tens digit of y?
3
Let k be (2240/60)/((-2)/(-6)). Suppose -v = -3*v + k. What is the units digit of v?
6
Let a(j) = -161*j - 8. Let v be a(-1). Let p = v - 43. What is the tens digit of p?
1
What is the tens digit of 40/380 - 38186/(-38)?
0
Let x(w) = -w**3 - 12*w**2 - 5*w + 6. What is the tens digit of x(-12)?
6
Let r be ((-15)/9 + 3)*18/8. Suppose 2*i + p = 115, 4*p - p = r. What is the tens digit of i?
5
Let o be (1/(-3))/(1/(-6)). What is the units digit of (o*-2)/(-12) + (-420)/(-9)?
7
Let b(x) = x**3 + 8*x**2 + 6*x - 5. Let y be b(-7). Suppose 0*d = -2*d + y. What is the units digit of -1 + (d - (-3 + 2))?
1
Let l be 3/(-12) + 147/12. Let v(f) = -f**2 + 31*f - 26. What is the tens digit of v(l)?
0
Let v be 3*(-1640 - 0)*14/(-28). What is the tens digit of (v/(-18))/(1*(-4)/6)?
0
Let s = 19 - -44. Let x be 112/s - (-2)/9. Suppose 94 = x*i + 5*z + 5, 2*i = -2*z + 98. What is the units digit of i?
2
What is the units digit of 603/3*((-6)/2 - -4)?
1
Let x = -30 - -38. Let g(l) = 43*l - l**3 + x - 7*l**2 - l**2 - 48*l. What is the units digit of g(-8)?
8
Let u = 84 - 66. Suppose -3*m - s + u = 0, 4*m + 0*s - 23 = -s. What is the units digit of m?
5
Suppose h + 15 = 2*q + 2, 0 = 2*q - 5*h - 25. Suppose -5*z + 521 = 3*i, z = -q*i - z + 900. What is the hundreds digit of i?
1
Let w = 3 - 0. Let r(l) = 5*l + 5. Let b be r(w). Let z = b + 15. What is the units digit of z?
5
Suppose 6*t = -31*t + 38924. What is the units digit of t?
2
Suppose -5*f + 6*f = 43. Suppose 0*n - 4*n + f = -3*v, -n - 4*v = -6. Suppose -88 = -n*s + 8*s. What is the tens digit of s?
4
Suppose 14 = -4*s - 3*s. Let y = s + 25. What is the units digit of y?
3
Let x be (4 + -1)/((-18)/(-96)). Suppose -14*r - 8 = -x*r. Let d = r - -26. What is the units digit of d?
0
Let g = 1579 - 884. What is the hundreds digit of g?
6
Let f(b) be the third derivative of 0 + 6*b**2 + b**3 + 0*b - 1/8*b**4. What is the units digit of f(-5)?
1
Suppose -5*b - z = -2*z - 153, 3*z + 9 = 0. What is the tens digit of b?
3
Let s be (9/18)/(1 - (-266)/(-268)). Let u = s + -37. What is the tens digit of u?
3
Let r(s) be the second derivative of s**4 - 2*s**3/3 - 5*s**2 - 18*s. What is the units digit of r(-3)?
0
What is the units digit of (-1 - -11 - 340)*8/(-3)?
0
Let n = 1644 + -1042. What is the tens digit of n?
0
What is the tens digit of